 Let o be ((-7)/3)/(1/(-3)). Let v(a) = -5*a + 1. Let n(w) = o*k(w) - 6*v(w). What are the prime factors of n(-1)?
2, 3
What are the prime factors of 1*26/4*2?
13
Let u(t) = -t**3 - 11*t**2 + 13*t + 16. Let p be u(-12). What are the prime factors of p/(2 + -1 - -1)?
2
Let x(p) = p**3 + 6*p**2 + 5*p + 4. Let r be x(-3). Let k = r - 10. List the prime factors of k.
2, 3
Suppose -k - 2*k = 2*h + 107, -3*k + 187 = -4*h. Let t = 20 + h. Let d = -17 - t. List the prime factors of d.
2, 3
Let m(b) = 4*b + b**2 + b**2 - 7 + 1 - b**2. Let y be m(-6). Let i = y + -2. What are the prime factors of i?
2
Let p(u) = -u**3 + 3*u**2 + 2*u - 7. Let r be p(3). List the prime factors of -8 - -7 - (r - 25).
5
What are the prime factors of (-46)/(-6) + 15/45?
2
Let x(p) = -p**3 - 5*p**2 - p + 1. Suppose -5*h - 18 - 7 = 0. Let o be x(h). Suppose 0 = -3*v + 2*d + 6, -4*v + d = -7 - o. List the prime factors of v.
2
Let m = 4 - 9. Let r = m + 32. Suppose 3*l - r = 15. List the prime factors of l.
2, 7
Let n(x) = 9*x + 2. List the prime factors of n(3).
29
Suppose -4*h + 2*y + 8 = 0, -4*h + 8 = -5*h + 3*y. Let a be ((-2)/4)/((-1)/h). What are the prime factors of (12/15)/(a/15)?
2, 3
What are the prime factors of 1/(-3)*-1*174/2?
29
List the prime factors of 221 + (0/(-1))/(6 - 7).
13, 17
Suppose -a + x = 3, 3*a = -a - 2*x - 12. What are the prime factors of (-1 - 76/12)*a?
2, 11
Let u = -73 + 116. Suppose u - 7 = 4*f. List the prime factors of f.
3
Let h = -26 + 44. What are the prime factors of h?
2, 3
What are the prime factors of -2*1/4 - (-141)/2?
2, 5, 7
Let x(j) = 3*j**2 - 9*j - 12. List the prime factors of x(6).
2, 3, 7
Let r(a) = -a**3 - 8*a**2 - 10*a - 4. Let l(t) = -t**3 - 4*t**2 + 2*t + 1. Let b be l(-4). Let x be r(b). Let u = -5 + x. What are the prime factors of u?
2, 3
Let d = -8 - -32. What are the prime factors of d?
2, 3
Suppose 2*d + 2*n = 6*n + 118, -d = -5*n - 47. What are the prime factors of d?
67
Suppose 0 = u - 4*b - 8, -4*u = -u + 3*b - 24. Let o be 0/1*(-4)/u. List the prime factors of (o + 2)/((-2)/(-9)).
3
Suppose -3*p + p + 170 = 0. Suppose -2*x + p = 5*z + 3*x, 0 = -3*x - 12. List the prime factors of z.
3, 7
Let d be -1 - (-2)/(-2)*-8. Suppose 0 = -2*k + 2*y - 6, 2*y = -k + y + d. List the prime factors of 1 + 8 - (-1 + k).
2
Let b be -22 - (0 + (-2 - -2)). Suppose 0 = -3*j + j + 68. Let n = b + j. List the prime factors of n.
2, 3
Suppose -5*h + 30 = -4*h. List the prime factors of h.
2, 3, 5
Suppose 3*h - 574 = -100. List the prime factors of h.
2, 79
List the prime factors of (-6*(-4)/(-16))/(6/(-924)).
3, 7, 11
List the prime factors of (-8)/10*(-5 + (-20)/8).
2, 3
Let a be 27 + 1 - (-1)/1. Let l = a + -13. List the prime factors of l.
2
Let j(l) = 6*l - 17. What are the prime factors of j(12)?
5, 11
Suppose 5 = g + 2. Suppose 9 = 3*f, -n - 3 + 2 = -g*f. Suppose -2 = -2*k + n. What are the prime factors of k?
5
Let c = 7 + 5. What are the prime factors of c?
2, 3
Let d(v) = v - 6 + 0 - 4. Let z be d(8). List the prime factors of 8 - (2*-1)/z.
7
Let a(r) = -r**3 + 7*r**2 - 5*r - 8. Let u be a(6). Let i = 1 + u. Let g(b) = -4*b + 1. What are the prime factors of g(i)?
5
Let v(o) = o**2 - 10*o + 7. Let z(l) = -l**3 - 4*l**2 - 2*l. Let b be z(-4). Let q be v(b). What are the prime factors of (2 - -1)/3 - q?
2, 5
Suppose 4*b - 96 = -8. List the prime factors of b.
2, 11
What are the prime factors of -1*(-262 + (-12)/3)?
2, 7, 19
Suppose -3*l + 2*l = -5*z + 16, 3*l + 12 = 3*z. Suppose 0 = 4*a - z*d - d - 56, 0 = a - 3*d - 20. List the prime factors of a.
11
Let h(o) = o**2 + 5*o. Let b be h(-4). Let k be 1/b - 41/(-4). Suppose -k - 38 = -4*i. What are the prime factors of i?
2, 3
Let i(f) = -2*f - 6*f + f**2 + 2*f + 1. What are the prime factors of i(7)?
2
Let k = -5 + 1. Let f = k - -4. Suppose 4*q + f = 12. What are the prime factors of q?
3
Suppose 4*b + 0*b = 0. Suppose -2*m + 2 = -b*m. What are the prime factors of (-2)/(m - 0) + 11?
3
Let b be (-6)/(-3) + 0/(-1). Suppose 29 = 5*u + b*q - q, -5*u + 5*q = -5. Suppose u*l = -5*o + 55, 0 = -4*o + 5*o + 3*l - 21. What are the prime factors of o?
2, 3
Suppose 4*m - 3*a - 21 = 0, m = -0*m + 2*a - 1. What are the prime factors of m?
3
Suppose 34 = 4*k - 3*k. What are the prime factors of k?
2, 17
Suppose z - 5 + 1 = 0. List the prime factors of z.
2
What are the prime factors of 3/12*-7*-16?
2, 7
Let j = 35 - 11. Suppose -21 = -3*x + j. What are the prime factors of x?
3, 5
Let v = -3 + 5. Let n be 4/(-6) - (-32)/12. Suppose 21 = v*h - y + 5, -5*h = n*y - 58. What are the prime factors of h?
2, 5
Let m(r) = -3*r - 1. Suppose 2*g = -5*o + 25, -o = -5*g + 4*g + 9. Suppose q - g = 3*q - 4*s, 11 = -5*q + 3*s. List the prime factors of m(q).
2
Suppose -5*t + 5*i = -405, 0*i + 3*i + 75 = t. What are the prime factors of t?
2, 3, 7
Let b(r) = -3*r + 4. Let d = -11 + 9. List the prime factors of b(d).
2, 5
Let y be (5/10)/(2/16). Suppose y*k - 6 = 2. Suppose -5*b - 3*a + 4*a + 86 = 0, k*a + 87 = 5*b. What are the prime factors of b?
17
Let s = 287 - 191. What are the prime factors of s?
2, 3
Let o be (-8 - (-2 + 4)) + 2. Let v = o - -12. List the prime factors of v/(-2*1) - -15.
13
Let l(p) = -10*p - 6. Let a(q) = -3*q - 2. Let c(u) = -7*a(u) + 2*l(u). What are the prime factors of c(8)?
2, 5
Let y = -29 + 48. List the prime factors of y.
19
Suppose 0 = -4*j + 8*j. List the prime factors of (-3)/(-3) + j - -10.
11
What are the prime factors of 2 - ((-2 - 4) + 0)?
2
Suppose 6*g - 1694 = -g. List the prime factors of g.
2, 11
Let y(v) = v**3 + 5*v**2 - 5*v + 7. Let k be y(-5). Let j = -17 + k. Let t = j - 11. What are the prime factors of t?
2
Let j = -2 - -14. Let m be 21/j - (-3)/12. List the prime factors of (-3)/(m*1/(-12)).
2, 3
Let w(m) = -m**2 - 8*m - 13. Let n be w(-4). Suppose n*i - 282 = -3*i. List the prime factors of i.
47
Let r(g) = 5*g**3 + g**2 + g. Let s(h) = -6*h**3 - h**2 - 2*h + 1. Let f(t) = -5*r(t) - 4*s(t). What are the prime factors of f(-3)?
5
Let p(i) = i + 5. Let z be p(-8). Let r be -37*(-2 - -1) + z. Suppose x = 4*m + r, 0*x - x + 3*m = -31. List the prime factors of x.
2, 11
Suppose 0 = 3*v - 0 - 9. Suppose -4*m + 4*a + 7 + 1 = 0, 3*m - 4*a - v = 0. What are the prime factors of m?
5
Let s(z) = -z**3 + 10*z**2 - 7*z - 12. Let v be s(9). What are the prime factors of (364/21)/(4/v)?
2, 13
Suppose 4*k - 5*a - 120 = 0, 5*k - 88 = k - 3*a. Let i = k - 18. Suppose -3*b - 5*j = -i*b + 61, -b = 3*j - 11. What are the prime factors of b?
2, 7
Suppose -5*x + 53 = -3*x - g, 5*x - 170 = -5*g. List the prime factors of x.
29
Let m = -85 - 1. Let v be m/(-10) - 4/(-10). Suppose 0 = 5*d - 6 - v. What are the prime factors of d?
3
Suppose -x - 2 = 6. Let s = x + 20. Suppose 2*d = 6 + s. What are the prime factors of d?
3
Suppose -29*b + 450 = -26*b. List the prime factors of b.
2, 3, 5
Let j(z) = z + 20. What are the prime factors of j(-8)?
2, 3
Let k(g) = g**3 + 7*g**2 + 3*g + 7. Let v be k(-7). Let p be 80/v + 2/(-7). Let b(m) = -2*m - 2. What are the prime factors of b(p)?
2, 5
Suppose -2*a = 5*o - 4*a + 4, -o = 2*a - 4. Suppose o = -p - 2*i - 8, p - i + 2*i + 3 = 0. Let q = p - -1. List the prime factors of q.
3
Let w = 60 + 22. List the prime factors of w.
2, 41
Let f be 18 + 2*(-2)/4. Suppose 0 = 4*a + 5*i - 122, -3*a + 3*i = 2*a - 134. Let t = a - f. What are the prime factors of t?
11
Let d be (-3)/2*(-4)/6. Suppose -v - 3 = d. List the prime factors of (170/25)/(v/(-10)).
17
Suppose -2*c - j + 3 = -14, 4*c + j - 33 = 0. Suppose -i = -u - 4*u + 8, 0 = i + 2*u - 20. Let x = i - c. List the prime factors of x.
2
Let u = -3 + 6. Let d = u - 2. What are the prime factors of 2 - (5 - d)*-2?
2, 5
Suppose -2*w = -4*w + 88. What are the prime factors of w?
2, 11
Let d(x) = x**3 + 7*x**2 - 2*x - 8. List the prime factors of d(-5).
2, 13
Let q(c) = 110*c**3 + 2*c**2 - 2. List the prime factors of q(1).
2, 5, 11
Suppose -4*g + 12 = -0*g. Let x(b) = 11*b - 6. List the prime factors of x(g).
3
Suppose w - t = 62, -5*t - 116 = -3*w + 72. What are the prime factors of w?
61
Let z be (-27)/6*(-44)/3. Suppose 9 = 3*l, 3*a - 2*l = a + z. Suppose a = 4*c - 0*c. What are the prime factors of c?
3
Suppose -5*q + 3*a + 119 = -0*q, 77 = 3*q + a. List the prime factors of q.
5
Let y = 40 + 11. L